
Is 269977035 a multiple of 1297?
True
Is 21 a factor of 12667368?
True
Is 2212 a factor of 896801831?
False
Does 8677 divide 274730691?
False
Is 483 a factor of 96397623?
True
Is 2680 a factor of 85293785?
False
Is 2 a factor of 175398808?
True
Does 308 divide 55059928?
True
Is 69 a factor of 776023561?
False
Does 672 divide 170553348?
False
Is 6682 a factor of 2831250836?
False
Is 452 a factor of 5058450?
False
Is 127294680 a multiple of 20?
True
Is 366348210 a multiple of 207?
False
Is 351 a factor of 54728032?
False
Does 192 divide 449234688?
True
Is 1295459826 a multiple of 478?
True
Is 204594618 a multiple of 146?
True
Does 14 divide 767799?
False
Is 174410469 a multiple of 956?
False
Does 228 divide 160307256?
True
Does 421 divide 112242479?
False
Is 197927796 a multiple of 946?
True
Is 230 a factor of 15779150?
True
Does 248 divide 5003030480?
True
Is 47 a factor of 15166947?
True
Is 39334304 a multiple of 8?
True
Is 262371383 a multiple of 953?
True
Is 105895287 a multiple of 31?
True
Is 14 a factor of 69575515?
False
Is 229655054 a multiple of 79?
True
Is 10 a factor of 294171896?
False
Does 125 divide 10218530?
False
Is 11 a factor of 56637747?
False
Is 176932293 a multiple of 24?
False
Is 164 a factor of 108478948?
True
Is 17 a factor of 591144957?
False
Is 27165391 a multiple of 7?
False
Is 10 a factor of 113355040?
True
Does 2 divide 19493723?
False
Does 1779 divide 44757861?
True
Does 21 divide 17558121?
True
Is 12 a factor of 163191415?
False
Is 7712730 a multiple of 183?
False
Is 16925394 a multiple of 445?
False
Does 36 divide 28187636?
False
Is 2374 a factor of 13467702?
True
Is 842 a factor of 1790686175?
False
Is 38420595 a multiple of 9?
True
Is 643 a factor of 1136285166?
True
Is 706 a factor of 19205266?
False
Does 44 divide 30629789?
False
Does 248 divide 354828533?
False
Is 10 a factor of 344602614?
False
Does 9 divide 285612210?
True
Is 245978215 a multiple of 115?
True
Is 3667568580 a multiple of 13?
True
Does 48 divide 1072475520?
True
Is 198999260 a multiple of 20?
True
Is 25 a factor of 26125325?
True
Is 9 a factor of 98583678?
True
Does 230 divide 20996391?
False
Is 926869120 a multiple of 64?
True
Is 244 a factor of 11800313?
False
Is 8958410 a multiple of 11?
False
Is 657205631 a multiple of 3?
False
Is 94471902 a multiple of 207?
True
Is 12 a factor of 18843567?
False
Is 514756704 a multiple of 52?
False
Is 112 a factor of 1505702128?
True
Is 9 a factor of 37098792?
True
Is 7209 a factor of 1223886348?
True
Is 21 a factor of 94683504?
False
Does 161 divide 2377940376?
True
Is 44 a factor of 4800398460?
True
Is 228 a factor of 32267525?
False
Is 47 a factor of 38071510?
False
Is 904504962 a multiple of 14?
False
Is 223 a factor of 1441162332?
False
Does 5 divide 51240399?
False
Is 50 a factor of 15445357?
False
Does 809 divide 1768326?
False
Does 2327 divide 4334200390?
True
Does 33 divide 3047450007?
False
Is 3 a factor of 13114170?
True
Is 1009014408 a multiple of 18?
True
Is 8420 a factor of 820613200?
True
Does 1151 divide 1079742741?
True
Is 60 a factor of 347962128?
False
Does 717 divide 296734035?
True
Is 381703916 a multiple of 4692?
False
Does 1362 divide 39981510?
True
Does 19 divide 2040848157?
False
Is 766946673 a multiple of 5302?
False
Is 3148621309 a multiple of 7457?
True
Does 112 divide 817307792?
True
Is 348 a factor of 2685185748?
True
Does 21 divide 64364766?
False
Does 414 divide 877413595?
False
Does 23 divide 424448?
False
Is 33573672 a multiple of 22?
True
Is 703873258 a multiple of 3?
False
Is 99803118 a multiple of 69?
True
Is 6361179 a multiple of 3?
True
Is 80 a factor of 6137800?
False
Does 15733 divide 8663990037?
True
Does 100 divide 3253093129?
False
Is 86 a factor of 195472496?
True
Is 132780134 a multiple of 3?
False
Is 23705617 a multiple of 23?
True
Is 238 a factor of 109633272?
True
Is 46 a factor of 10619192?
True
Does 362 divide 27298782?
True
Does 2005 divide 11448550?
True
Is 13455080 a multiple of 57?
False
Is 231 a factor of 3887857050?
True
Does 8 divide 167528?
True
Is 228 a factor of 141534233?
False
Does 84 divide 400447824?
True
Is 47 a factor of 6755780?
True
Is 91627381 a multiple of 141?
False
Is 24 a factor of 90183527?
False
Is 9 a factor of 51179543?
False
Is 353 a factor of 346481502?
True
Is 13205503 a multiple of 3?
False
Is 1669191391 a multiple of 6444?
False
Is 16781918 a multiple of 20?
False
Is 78 a factor of 113435707?
False
Is 126 a factor of 18807390?
True
Is 1589 a factor of 85483970?
False
Does 258 divide 52427132?
False
Does 11 divide 116965381?
False
Is 1485177349 a multiple of 3119?
True
Does 18 divide 76828306?
False
Is 5 a factor of 4308820?
True
Does 722 divide 62764182?
True
Is 450 a factor of 1017692576?
False
Is 16 a factor of 117785792?
True
Is 35661476 a multiple of 1181?
True
Is 2249683550 a multiple of 16104?
False
Is 1104 a factor of 572214240?
True
Is 1362033863 a multiple of 5?
False
Is 8 a factor of 580433525?
False
Is 8622733 a multiple of 111?
False
Is 31 a factor of 651322586?
True
Is 2082219996 a multiple of 28?
False
Is 21291303 a multiple of 383?
False
Does 20 divide 196949520?
True
Is 877775935 a multiple of 1829?
False
Is 877733766 a multiple of 21?
True
Is 18 a factor of 499287606?
False
Is 35 a factor of 49524930?
True
Is 163027980 a multiple of 18?
True
Is 35 a factor of 2298609921?
False
Does 144 divide 349042573?
False
Is 10577184 a multiple of 3688?
True
Does 12 divide 396565032?
True
Does 88 divide 79206055?
False
Is 1892651 a multiple of 207?
False
Is 175 a factor of 8002042?
False
Is 69670007 a multiple of 52?
False
Does 14 divide 402287354?
True
Is 31 a factor of 64906436?
True
Is 218015462 a multiple of 19?
True
Does 577 divide 413888447?
True
Is 19895422 a multiple of 68?
False
Does 29 divide 46709836?
True
Is 1735125310 a multiple of 890?
True
Does 61 divide 31772582?
True
Is 48959788 a multiple of 475?
False
Does 651 divide 44413824?
True
Is 21282789 a multiple of 2997?
False
Is 296285222 a multiple of 898?
True
Is 21717057 a multiple of 834?
False
Does 34 divide 59385114?
True
Does 1194 divide 1230382374?
True
Is 20367721 a multiple of 281?
False
Does 8380 divide 1291718340?
True
Does 275 divide 77029975?
True
Does 325 divide 382940931?
False
Is 14 a factor of 141240532?
False
Is 1425720 a multiple of 8?
True
Is 112930663 a multiple of 335?
False
Does 1044 divide 9964066?
False
Is 1852 a factor of 73377744?
False
Is 14 a factor of 47330724?
True
Is 18367382 a multiple of 2?
True
Does 27 divide 42240776?
False
Does 13 divide 190819616?
True
Is 1388 a factor of 53937849?
False
Is 8859327 a multiple of 16?
False
Is 9 a factor of 2895383?
False
Is 9987612 a multiple of 138?
True
Does 930 divide 369907928?
False
Does 3244 divide 112482238?
False
Is 2321901311 a multiple of 1741?
False
Is 263410020 a multiple of 45?
True
Is 27 a factor of 253301877?
True
Is 50 a factor of 880200?
True
Is 43169599 a multiple of 32?
False
Does 59 divide 102029939?
True
Is 6986246 a multiple of 439?
True
Does 425 divide 45711061?
False
Is 626 a factor of 398661911?
False
Does 105 divide 2391693320?
False
Is 89513721 a multiple of 684?
False
Does 646 divide 184196564?
True
Is 378 a factor of 39102770?
False
Does 206 divide 1036386?
True
Does 424 divide 29119896?
True
Is 66456825 even?
False
Is 76 a factor of 14640380?
False
Does 105 divide 49050120?
True
Is 116 a factor of 156282819?
False
Does 6 divide 1127243668?
False
Is 82 a factor of 17093758?
False
Is 327896296 a multiple of 1252?
True
Is 32216568 a multiple of 7?
False
Is 61 a factor of 5880095?
True
Is 51 a factor of 1103967216?
True
Is 63208392 a multiple of 39?
True
Is 25 a factor of 83121207?
False
Does 3142 divide 80779040?
False
Is 12485303 a multiple of 1421?
False
Is 330575142 a multiple of 460?
False
Is 850443860 a multiple of 877?
False
Is 19 a factor of 4808022?
False
Is 500475006 a multiple of 18?
True
Is 8 a factor of 12227747?
False
Is 14880816 a multiple of 25?
False
Is 13 a factor of 1455325243?
False
Does 228 divide 16370856?
True
Is 16 a factor of 517412320?
True
Is 164521484 a multiple of 23?
True
Does 103 divide 9569730?
True
Does 34 divide 8341360?
False
Is 615645792 a multiple of 32?
True
Does 17 divide 1805304324?
True
Does 1039 divide 468091319?
